{"id":604,"date":"2024-09-10T20:20:23","date_gmt":"2024-09-10T17:20:23","guid":{"rendered":"https:\/\/kyodoelectronic.com\/index.php\/lazer-teknolojisi\/lazer-hedefleme-urunleri\/mcad-1-lazer-isaretleyici\/"},"modified":"2024-09-10T20:21:49","modified_gmt":"2024-09-10T17:21:49","slug":"mcad-1-lazer-isaretleyici","status":"publish","type":"page","link":"https:\/\/kyodoelectronic.com\/index.php\/lazer-teknolojisi\/lazer-hedefleme-urunleri\/mcad-1-lazer-isaretleyici\/","title":{"rendered":"MCAD-1 Lazer \u0130\u015faretleyici"},"content":{"rendered":"\n<figure class=\"wp-block-gallery has-nested-images columns-default is-cropped wp-block-gallery-1 is-layout-flex wp-block-gallery-is-layout-flex\">\n<figure class=\"wp-block-image size-large\"><img loading=\"lazy\" decoding=\"async\" width=\"1024\" height=\"362\" data-id=\"607\" src=\"https:\/\/kyodoelectronic.com\/wp-content\/uploads\/2024\/09\/MCAD1-1024x362.png\" alt=\"\" class=\"wp-image-607\" srcset=\"https:\/\/kyodoelectronic.com\/wp-content\/uploads\/2024\/09\/MCAD1-1024x362.png 1024w, https:\/\/kyodoelectronic.com\/wp-content\/uploads\/2024\/09\/MCAD1-300x106.png 300w, https:\/\/kyodoelectronic.com\/wp-content\/uploads\/2024\/09\/MCAD1-768x272.png 768w, https:\/\/kyodoelectronic.com\/wp-content\/uploads\/2024\/09\/MCAD1-990x350.png 990w, https:\/\/kyodoelectronic.com\/wp-content\/uploads\/2024\/09\/MCAD1.png 1201w\" sizes=\"auto, (max-width: 1024px) 100vw, 1024px\" \/><\/figure>\n<\/figure>\n\n\n\n<p>MCAD-1 d\u00fc\u015f\u00fck ve y\u00fcksek g\u00fc\u00e7 se\u00e7enekleri ile g\u00f6r\u00fcn\u00fcr lazer, k\u0131z\u0131l\u00f6tesi lazer, k\u0131z\u0131l\u00f6tesi ayd\u0131nlatma ve LED ayd\u0131nlatma \u00f6zelliklerinin t\u00fcm\u00fcn\u00fc bar\u0131nd\u0131ran \u00e7ok kanall\u0131 i\u015faretleme cihaz\u0131d\u0131r.<br>Mod se\u00e7im d\u00fc\u011fmesi ile y\u00fcksek ve d\u00fc\u015f\u00fck lazer i\u015faretleyici modlar\u0131 aras\u0131 ge\u00e7i\u015f yap\u0131labilir.<br>Tek ayar tareti ile (y\u00fckseklik &amp; sa\u011f-sol) 3 lazer kayna\u011f\u0131 senkronize olarak ayarlanabilir.<\/p>\n\n\n\n<ul class=\"wp-block-list\">\n<li>G\u00f6r\u00fcn\u00fcr ve k\u0131z\u0131l\u00f6tesi lazer<\/li>\n\n\n\n<li>K\u0131z\u0131l\u00f6tesi ve g\u00f6r\u00fcn\u00fcr ayd\u0131nlatma<\/li>\n\n\n\n<li>D\u00fc\u015f\u00fck pil ve k\u0131z\u0131l\u00f6tesi g\u00f6stergesi<\/li>\n\n\n\n<li>H\u0131zl\u0131 s\u00f6k-tak aparat\u0131 ve eklenebilir pikatini se\u00e7ene\u011fi<\/li>\n\n\n\n<li>Su ge\u00e7irmez kumanda d\u00fc\u011fmesi<\/li>\n\n\n\n<li>Fokus se\u00e7im imkan\u0131<\/li>\n\n\n\n<li>Direkt ye\u015fil lazer<\/li>\n<\/ul>\n","protected":false},"excerpt":{"rendered":"<p>MCAD-1 d\u00fc\u015f\u00fck ve y\u00fcksek g\u00fc\u00e7 se\u00e7enekleri ile g\u00f6r\u00fcn\u00fcr lazer, k\u0131z\u0131l\u00f6tesi lazer, k\u0131z\u0131l\u00f6tesi ayd\u0131nlatma ve LED ayd\u0131nlatma \u00f6zelliklerinin t\u00fcm\u00fcn\u00fc bar\u0131nd\u0131ran \u00e7ok &hellip; <a href=\"https:\/\/kyodoelectronic.com\/index.php\/lazer-teknolojisi\/lazer-hedefleme-urunleri\/mcad-1-lazer-isaretleyici\/\" class=\"more-link\"><span class=\"more-button\">Continue Reading<span class=\"screen-reader-text\">MCAD-1 Lazer \u0130\u015faretleyici<\/span><\/span><\/a><\/p>\n","protected":false},"author":1,"featured_media":0,"parent":594,"menu_order":1,"comment_status":"closed","ping_status":"closed","template":"","meta":{"footnotes":""},"class_list":["post-604","page","type-page","status-publish","hentry"],"_links":{"self":[{"href":"https:\/\/kyodoelectronic.com\/index.php\/wp-json\/wp\/v2\/pages\/604","targetHints":{"allow":["GET"]}}],"collection":[{"href":"https:\/\/kyodoelectronic.com\/index.php\/wp-json\/wp\/v2\/pages"}],"about":[{"href":"https:\/\/kyodoelectronic.com\/index.php\/wp-json\/wp\/v2\/types\/page"}],"author":[{"embeddable":true,"href":"https:\/\/kyodoelectronic.com\/index.php\/wp-json\/wp\/v2\/users\/1"}],"replies":[{"embeddable":true,"href":"https:\/\/kyodoelectronic.com\/index.php\/wp-json\/wp\/v2\/comments?post=604"}],"version-history":[{"count":1,"href":"https:\/\/kyodoelectronic.com\/index.php\/wp-json\/wp\/v2\/pages\/604\/revisions"}],"predecessor-version":[{"id":608,"href":"https:\/\/kyodoelectronic.com\/index.php\/wp-json\/wp\/v2\/pages\/604\/revisions\/608"}],"up":[{"embeddable":true,"href":"https:\/\/kyodoelectronic.com\/index.php\/wp-json\/wp\/v2\/pages\/594"}],"wp:attachment":[{"href":"https:\/\/kyodoelectronic.com\/index.php\/wp-json\/wp\/v2\/media?parent=604"}],"curies":[{"name":"wp","href":"https:\/\/api.w.org\/{rel}","templated":true}]}}