{"id":589,"date":"2024-09-10T20:08:53","date_gmt":"2024-09-10T17:08:53","guid":{"rendered":"https:\/\/kyodoelectronic.com\/index.php\/hedef-tespit-sistemleri\/jiroskop-tabanli-hedef-tespit\/jiroskop-tabanli-hedef-tespit-sistemi\/"},"modified":"2024-09-10T20:09:21","modified_gmt":"2024-09-10T17:09:21","slug":"jiroskop-tabanli-hedef-tespit-sistemi","status":"publish","type":"page","link":"https:\/\/kyodoelectronic.com\/index.php\/hedef-tespit-sistemleri\/jiroskop-tabanli-hedef-tespit\/jiroskop-tabanli-hedef-tespit-sistemi\/","title":{"rendered":"Jiroskop Tabanl\u0131 Hedef Tespit Sistemi"},"content":{"rendered":"\n<figure class=\"wp-block-gallery has-nested-images columns-default is-cropped wp-block-gallery-1 is-layout-flex wp-block-gallery-is-layout-flex\">\n<figure class=\"wp-block-image size-large\"><img loading=\"lazy\" decoding=\"async\" width=\"1024\" height=\"362\" data-id=\"581\" src=\"https:\/\/kyodoelectronic.com\/wp-content\/uploads\/2024\/09\/Jiroskop-1024x362.png\" alt=\"\" class=\"wp-image-581\" srcset=\"https:\/\/kyodoelectronic.com\/wp-content\/uploads\/2024\/09\/Jiroskop-1024x362.png 1024w, https:\/\/kyodoelectronic.com\/wp-content\/uploads\/2024\/09\/Jiroskop-300x106.png 300w, https:\/\/kyodoelectronic.com\/wp-content\/uploads\/2024\/09\/Jiroskop-768x272.png 768w, https:\/\/kyodoelectronic.com\/wp-content\/uploads\/2024\/09\/Jiroskop-990x350.png 990w, https:\/\/kyodoelectronic.com\/wp-content\/uploads\/2024\/09\/Jiroskop.png 1201w\" sizes=\"auto, (max-width: 1024px) 100vw, 1024px\" \/><\/figure>\n<\/figure>\n\n\n\n<p>Jiroskop Tabanl\u0131 Hedef Tespit Sistemi, hemen hemen t\u00fcm arazi ve hava ko\u015fullar\u0131nda 7\/24 do\u011fru Kuzey y\u00f6n\u00fcn\u00fc bulur. Ba\u011f\u0131ms\u0131z olarak \u00e7al\u0131\u015f\u0131r. Kullan\u0131c\u0131n\u0131n do\u011fru kuzeyi belirlemek i\u00e7in herhangi bir destek kayna\u011f\u0131 ta\u015f\u0131mas\u0131n\u0131 gerektirmez. GPS\u2019in kullan\u0131lamad\u0131\u011f\u0131 ortamlarda \u00e7al\u0131\u015fabilir ve a\u011f\u0131r z\u0131rhl\u0131 ara\u00e7lar\u0131n yan\u0131nda rahatl\u0131kla kullan\u0131labilir. Ayr\u0131ca sertle\u015ftirilmi\u015f beton bir ortamda, i\u00e7 mekanlarda ve<br>yo\u011fun n\u00fcfuslu kentsel arazilerde de \u00e7al\u0131\u015fabilmektedir.<\/p>\n","protected":false},"excerpt":{"rendered":"<p>Jiroskop Tabanl\u0131 Hedef Tespit Sistemi, hemen hemen t\u00fcm arazi ve hava ko\u015fullar\u0131nda 7\/24 do\u011fru Kuzey y\u00f6n\u00fcn\u00fc bulur. Ba\u011f\u0131ms\u0131z olarak \u00e7al\u0131\u015f\u0131r. &hellip; <a href=\"https:\/\/kyodoelectronic.com\/index.php\/hedef-tespit-sistemleri\/jiroskop-tabanli-hedef-tespit\/jiroskop-tabanli-hedef-tespit-sistemi\/\" class=\"more-link\"><span class=\"more-button\">Continue Reading<span class=\"screen-reader-text\">Jiroskop Tabanl\u0131 Hedef Tespit Sistemi<\/span><\/span><\/a><\/p>\n","protected":false},"author":1,"featured_media":0,"parent":587,"menu_order":1,"comment_status":"closed","ping_status":"closed","template":"","meta":{"footnotes":""},"class_list":["post-589","page","type-page","status-publish","hentry"],"_links":{"self":[{"href":"https:\/\/kyodoelectronic.com\/index.php\/wp-json\/wp\/v2\/pages\/589","targetHints":{"allow":["GET"]}}],"collection":[{"href":"https:\/\/kyodoelectronic.com\/index.php\/wp-json\/wp\/v2\/pages"}],"about":[{"href":"https:\/\/kyodoelectronic.com\/index.php\/wp-json\/wp\/v2\/types\/page"}],"author":[{"embeddable":true,"href":"https:\/\/kyodoelectronic.com\/index.php\/wp-json\/wp\/v2\/users\/1"}],"replies":[{"embeddable":true,"href":"https:\/\/kyodoelectronic.com\/index.php\/wp-json\/wp\/v2\/comments?post=589"}],"version-history":[{"count":1,"href":"https:\/\/kyodoelectronic.com\/index.php\/wp-json\/wp\/v2\/pages\/589\/revisions"}],"predecessor-version":[{"id":590,"href":"https:\/\/kyodoelectronic.com\/index.php\/wp-json\/wp\/v2\/pages\/589\/revisions\/590"}],"up":[{"embeddable":true,"href":"https:\/\/kyodoelectronic.com\/index.php\/wp-json\/wp\/v2\/pages\/587"}],"wp:attachment":[{"href":"https:\/\/kyodoelectronic.com\/index.php\/wp-json\/wp\/v2\/media?parent=589"}],"curies":[{"name":"wp","href":"https:\/\/api.w.org\/{rel}","templated":true}]}}