{"id":573,"date":"2024-09-10T19:44:02","date_gmt":"2024-09-10T16:44:02","guid":{"rendered":"https:\/\/kyodoelectronic.com\/index.php\/hedef-tespit-sistemleri\/akustik-keskin-nisanci-tespit-sistemleri\/sd-500-akustik-keskin-nisanci-tespit-sistemi\/"},"modified":"2024-09-10T19:57:46","modified_gmt":"2024-09-10T16:57:46","slug":"sd-500-akustik-keskin-nisanci-tespit-sistemi","status":"publish","type":"page","link":"https:\/\/kyodoelectronic.com\/index.php\/hedef-tespit-sistemleri\/akustik-keskin-nisanci-tespit-sistemleri\/sd-500-akustik-keskin-nisanci-tespit-sistemi\/","title":{"rendered":"SD 500 Akustik Keskin Ni\u015fanc\u0131 Tespit Sistemi"},"content":{"rendered":"\n<figure class=\"wp-block-gallery has-nested-images columns-default is-cropped wp-block-gallery-1 is-layout-flex wp-block-gallery-is-layout-flex\">\n<figure class=\"wp-block-image size-large\"><img loading=\"lazy\" decoding=\"async\" width=\"1024\" height=\"362\" data-id=\"579\" src=\"https:\/\/kyodoelectronic.com\/wp-content\/uploads\/2024\/09\/SD-500-1024x362.png\" alt=\"\" class=\"wp-image-579\" srcset=\"https:\/\/kyodoelectronic.com\/wp-content\/uploads\/2024\/09\/SD-500-1024x362.png 1024w, https:\/\/kyodoelectronic.com\/wp-content\/uploads\/2024\/09\/SD-500-300x106.png 300w, https:\/\/kyodoelectronic.com\/wp-content\/uploads\/2024\/09\/SD-500-768x272.png 768w, https:\/\/kyodoelectronic.com\/wp-content\/uploads\/2024\/09\/SD-500-990x350.png 990w, https:\/\/kyodoelectronic.com\/wp-content\/uploads\/2024\/09\/SD-500.png 1201w\" sizes=\"auto, (max-width: 1024px) 100vw, 1024px\" \/><\/figure>\n<\/figure>\n\n\n\n<p>SD-500 Akustik at\u0131\u015f yeri tespit sistemi piyade t\u00fcfe\u011fi, keskin ni\u015fanc\u0131 t\u00fcfekleri ve makineli t\u00fcfekler gibi silahlar\u0131n konumlar\u0131n\u0131 mesafe ve y\u00f6n olarak tespit etmektedir. Omuz \u00fcst\u00fcne kolayl\u0131kla tak\u0131l\u0131p \u00e7\u0131kar\u0131labilme \u00f6zelli\u011fi olan sistem kullan\u0131c\u0131ya mini bir ekran ile at\u0131\u015f\u0131n geldi\u011fi konumu y\u00f6n ve mesafe bilgilerini g\u00f6sterebilmekte ve kulakl\u0131k ile sesli uyar\u0131da da bulunmaktad\u0131r. 500 m ye kadar olan at\u0131\u015flar\u0131 tespit eder.<\/p>\n","protected":false},"excerpt":{"rendered":"<p>SD-500 Akustik at\u0131\u015f yeri tespit sistemi piyade t\u00fcfe\u011fi, keskin ni\u015fanc\u0131 t\u00fcfekleri ve makineli t\u00fcfekler gibi silahlar\u0131n konumlar\u0131n\u0131 mesafe ve y\u00f6n &hellip; <a href=\"https:\/\/kyodoelectronic.com\/index.php\/hedef-tespit-sistemleri\/akustik-keskin-nisanci-tespit-sistemleri\/sd-500-akustik-keskin-nisanci-tespit-sistemi\/\" class=\"more-link\"><span class=\"more-button\">Continue Reading<span class=\"screen-reader-text\">SD 500 Akustik Keskin Ni\u015fanc\u0131 Tespit Sistemi<\/span><\/span><\/a><\/p>\n","protected":false},"author":1,"featured_media":0,"parent":571,"menu_order":1,"comment_status":"closed","ping_status":"closed","template":"","meta":{"footnotes":""},"class_list":["post-573","page","type-page","status-publish","hentry"],"_links":{"self":[{"href":"https:\/\/kyodoelectronic.com\/index.php\/wp-json\/wp\/v2\/pages\/573","targetHints":{"allow":["GET"]}}],"collection":[{"href":"https:\/\/kyodoelectronic.com\/index.php\/wp-json\/wp\/v2\/pages"}],"about":[{"href":"https:\/\/kyodoelectronic.com\/index.php\/wp-json\/wp\/v2\/types\/page"}],"author":[{"embeddable":true,"href":"https:\/\/kyodoelectronic.com\/index.php\/wp-json\/wp\/v2\/users\/1"}],"replies":[{"embeddable":true,"href":"https:\/\/kyodoelectronic.com\/index.php\/wp-json\/wp\/v2\/comments?post=573"}],"version-history":[{"count":1,"href":"https:\/\/kyodoelectronic.com\/index.php\/wp-json\/wp\/v2\/pages\/573\/revisions"}],"predecessor-version":[{"id":580,"href":"https:\/\/kyodoelectronic.com\/index.php\/wp-json\/wp\/v2\/pages\/573\/revisions\/580"}],"up":[{"embeddable":true,"href":"https:\/\/kyodoelectronic.com\/index.php\/wp-json\/wp\/v2\/pages\/571"}],"wp:attachment":[{"href":"https:\/\/kyodoelectronic.com\/index.php\/wp-json\/wp\/v2\/media?parent=573"}],"curies":[{"name":"wp","href":"https:\/\/api.w.org\/{rel}","templated":true}]}}