{"id":561,"date":"2024-09-10T19:23:51","date_gmt":"2024-09-10T16:23:51","guid":{"rendered":"https:\/\/kyodoelectronic.com\/index.php\/sinir-guvenligi\/sinir-guvenlik-sistemleri\/armadillo-ir-dost-dusman-isigi\/"},"modified":"2024-09-10T19:42:33","modified_gmt":"2024-09-10T16:42:33","slug":"armadillo-ir-dost-dusman-isigi","status":"publish","type":"page","link":"https:\/\/kyodoelectronic.com\/index.php\/sinir-guvenligi\/sinir-guvenlik-sistemleri\/armadillo-ir-dost-dusman-isigi\/","title":{"rendered":"ARMADILLO IR Dost\/D\u00fc\u015fman I\u015f\u0131\u011f\u0131"},"content":{"rendered":"\n<figure class=\"wp-block-gallery has-nested-images columns-default is-cropped wp-block-gallery-1 is-layout-flex wp-block-gallery-is-layout-flex\">\n<figure class=\"wp-block-image size-large\"><img loading=\"lazy\" decoding=\"async\" width=\"1024\" height=\"362\" data-id=\"569\" src=\"https:\/\/kyodoelectronic.com\/wp-content\/uploads\/2024\/09\/ARMADILLO-1024x362.png\" alt=\"\" class=\"wp-image-569\" srcset=\"https:\/\/kyodoelectronic.com\/wp-content\/uploads\/2024\/09\/ARMADILLO-1024x362.png 1024w, https:\/\/kyodoelectronic.com\/wp-content\/uploads\/2024\/09\/ARMADILLO-300x106.png 300w, https:\/\/kyodoelectronic.com\/wp-content\/uploads\/2024\/09\/ARMADILLO-768x272.png 768w, https:\/\/kyodoelectronic.com\/wp-content\/uploads\/2024\/09\/ARMADILLO-990x350.png 990w, https:\/\/kyodoelectronic.com\/wp-content\/uploads\/2024\/09\/ARMADILLO.png 1201w\" sizes=\"auto, (max-width: 1024px) 100vw, 1024px\" \/><\/figure>\n<\/figure>\n\n\n\n<p>Armadillo IR Strobe; verimli enerji t\u00fcketimi, ergonomik tasar\u0131m ve d\u00f6rt farkl\u0131 operasyon modu ile<br>zorlu ko\u0219ullarda kullan\u0131lmak \u00fczere tasarlanm\u0131\u0219 bir i\u0219aretleme cihaz\u0131d\u0131r.<\/p>\n\n\n\n<p>\u2022 Askeri standartlarda, g\u00fc\u00e7l\u00fc, hafif ve dayan\u0131kl\u0131 g\u00f6vde<br>\u2022 Uzun menzilli parlak beyaz \u0131\u0219\u0131k<br>\u2022 Sipari\u0219te \u00f6zelle\u0219tirilebilir renk modlar\u0131<br>\u2022 Standart \u201cCR123\u201d pil ile \u00e7al\u0131\u0219ma imkan\u0131<br>\u2022 Tek elle kolay kullan\u0131m<br>\u2022 D\u00fc\u0219\u00fck profilli yap\u0131&nbsp;<\/p>\n","protected":false},"excerpt":{"rendered":"<p>Armadillo IR Strobe; verimli enerji t\u00fcketimi, ergonomik tasar\u0131m ve d\u00f6rt farkl\u0131 operasyon modu ilezorlu ko\u0219ullarda kullan\u0131lmak \u00fczere tasarlanm\u0131\u0219 bir i\u0219aretleme &hellip; <a href=\"https:\/\/kyodoelectronic.com\/index.php\/sinir-guvenligi\/sinir-guvenlik-sistemleri\/armadillo-ir-dost-dusman-isigi\/\" class=\"more-link\"><span class=\"more-button\">Continue Reading<span class=\"screen-reader-text\">ARMADILLO IR Dost\/D\u00fc\u015fman I\u015f\u0131\u011f\u0131<\/span><\/span><\/a><\/p>\n","protected":false},"author":1,"featured_media":0,"parent":533,"menu_order":3,"comment_status":"closed","ping_status":"closed","template":"","meta":{"footnotes":""},"class_list":["post-561","page","type-page","status-publish","hentry"],"_links":{"self":[{"href":"https:\/\/kyodoelectronic.com\/index.php\/wp-json\/wp\/v2\/pages\/561","targetHints":{"allow":["GET"]}}],"collection":[{"href":"https:\/\/kyodoelectronic.com\/index.php\/wp-json\/wp\/v2\/pages"}],"about":[{"href":"https:\/\/kyodoelectronic.com\/index.php\/wp-json\/wp\/v2\/types\/page"}],"author":[{"embeddable":true,"href":"https:\/\/kyodoelectronic.com\/index.php\/wp-json\/wp\/v2\/users\/1"}],"replies":[{"embeddable":true,"href":"https:\/\/kyodoelectronic.com\/index.php\/wp-json\/wp\/v2\/comments?post=561"}],"version-history":[{"count":1,"href":"https:\/\/kyodoelectronic.com\/index.php\/wp-json\/wp\/v2\/pages\/561\/revisions"}],"predecessor-version":[{"id":570,"href":"https:\/\/kyodoelectronic.com\/index.php\/wp-json\/wp\/v2\/pages\/561\/revisions\/570"}],"up":[{"embeddable":true,"href":"https:\/\/kyodoelectronic.com\/index.php\/wp-json\/wp\/v2\/pages\/533"}],"wp:attachment":[{"href":"https:\/\/kyodoelectronic.com\/index.php\/wp-json\/wp\/v2\/media?parent=561"}],"curies":[{"name":"wp","href":"https:\/\/api.w.org\/{rel}","templated":true}]}}