{"id":514,"date":"2024-09-10T18:09:07","date_gmt":"2024-09-10T15:09:07","guid":{"rendered":"https:\/\/kyodoelectronic.com\/index.php\/iha-tespit-sistemleri\/diger-sistem-bilesenleri\/904-anti-uav-radar\/"},"modified":"2024-09-10T18:21:12","modified_gmt":"2024-09-10T15:21:12","slug":"904-anti-uav-radar","status":"publish","type":"page","link":"https:\/\/kyodoelectronic.com\/index.php\/iha-tespit-sistemleri\/diger-sistem-bilesenleri\/904-anti-uav-radar\/","title":{"rendered":"904 Anti UAV Radar"},"content":{"rendered":"\n<figure class=\"wp-block-gallery has-nested-images columns-default is-cropped wp-block-gallery-1 is-layout-flex wp-block-gallery-is-layout-flex\">\n<figure class=\"wp-block-image size-large\"><img loading=\"lazy\" decoding=\"async\" width=\"1024\" height=\"362\" data-id=\"523\" src=\"https:\/\/kyodoelectronic.com\/wp-content\/uploads\/2024\/09\/904-1024x362.png\" alt=\"\" class=\"wp-image-523\" srcset=\"https:\/\/kyodoelectronic.com\/wp-content\/uploads\/2024\/09\/904-1024x362.png 1024w, https:\/\/kyodoelectronic.com\/wp-content\/uploads\/2024\/09\/904-300x106.png 300w, https:\/\/kyodoelectronic.com\/wp-content\/uploads\/2024\/09\/904-768x272.png 768w, https:\/\/kyodoelectronic.com\/wp-content\/uploads\/2024\/09\/904-990x350.png 990w, https:\/\/kyodoelectronic.com\/wp-content\/uploads\/2024\/09\/904.png 1201w\" sizes=\"auto, (max-width: 1024px) 100vw, 1024px\" \/><\/figure>\n<\/figure>\n\n\n\n<p>904 \u00fcr\u00fcn\u00fc al\u00e7ak irtifa operasyonlar\u0131nda yak\u0131n hedefleri g\u00f6zlemlemek i\u00e7in kullan\u0131lmaktad\u0131r. G\u00fc\u00e7l\u00fc yer yank\u0131lar\u0131 ve zorlu \u00e7evre ko\u015fullar\u0131nda &nbsp;hedefi &nbsp; tespit edebilir ve do\u011fru bilgileri se\u00e7erek operat\u00f6rlere bunlar\u0131 aktarabilir.<\/p>\n\n\n\n<p>Transvaro TV-904 d\u00fc\u015f\u00fck irtifal\u0131 g\u00fcvenlik radar sistemi helikopterleri, ihalar\u0131 hareketli yer ve deniz nesnelerini tespit edebilir, bulabilir, konumlar\u0131n\u0131 belirleyebilir ve bunlar\u0131 s\u0131n\u0131fland\u0131rabilir.<\/p>\n\n\n\n<p>904\u00a0 \u00a0<em><strong><u>kolay kurulumu,<\/u><\/strong><\/em>\u00a0kompakt tasar\u0131m\u0131 ve ta\u015f\u0131maya elveri\u015fli olmas\u0131n\u0131n yan\u0131 s\u0131ra b\u00fct\u00e7e dostu bir sistemdir, sistem bir veya daha fazla uzaktan konu\u015fland\u0131r\u0131lm\u0131\u015f radar sens\u00f6r\u00fcn\u00fcn tek merkez ve g\u00f6sterim \u00fcnitesine ba\u011flanmas\u0131ndan olu\u015fur.<br><\/p>\n\n\n\n<p>T\u00fcm hava ko\u015fullar\u0131nda ve d\u00fc\u015f\u00fck \u0131\u015f\u0131k seviyelerinde hareketli ve dura\u011fan hedefleri tespit edebilir. D\u00fc\u015f\u00fck enerjili, kesintisiz taramal\u0131 bir mikrodalga radar sens\u00f6r\u00fcd\u00fcr. K\u00fc\u00e7\u00fck ebatl\u0131 ve hafif bir \u00fcr\u00fcn olmas\u0131 sebebiyle kolayl\u0131kla ta\u015f\u0131n\u0131p, kurulumu yap\u0131labilir.<\/p>\n\n\n\n<p>Ge\u00e7ici ve kal\u0131c\u0131 kuruluma uygun olarak tasarlannm\u0131\u015ft\u0131r.<\/p>\n","protected":false},"excerpt":{"rendered":"<p>904 \u00fcr\u00fcn\u00fc al\u00e7ak irtifa operasyonlar\u0131nda yak\u0131n hedefleri g\u00f6zlemlemek i\u00e7in kullan\u0131lmaktad\u0131r. G\u00fc\u00e7l\u00fc yer yank\u0131lar\u0131 ve zorlu \u00e7evre ko\u015fullar\u0131nda &nbsp;hedefi &nbsp; tespit &hellip; <a href=\"https:\/\/kyodoelectronic.com\/index.php\/iha-tespit-sistemleri\/diger-sistem-bilesenleri\/904-anti-uav-radar\/\" class=\"more-link\"><span class=\"more-button\">Continue Reading<span class=\"screen-reader-text\">904 Anti UAV Radar<\/span><\/span><\/a><\/p>\n","protected":false},"author":1,"featured_media":0,"parent":511,"menu_order":1,"comment_status":"closed","ping_status":"closed","template":"","meta":{"footnotes":""},"class_list":["post-514","page","type-page","status-publish","hentry"],"_links":{"self":[{"href":"https:\/\/kyodoelectronic.com\/index.php\/wp-json\/wp\/v2\/pages\/514","targetHints":{"allow":["GET"]}}],"collection":[{"href":"https:\/\/kyodoelectronic.com\/index.php\/wp-json\/wp\/v2\/pages"}],"about":[{"href":"https:\/\/kyodoelectronic.com\/index.php\/wp-json\/wp\/v2\/types\/page"}],"author":[{"embeddable":true,"href":"https:\/\/kyodoelectronic.com\/index.php\/wp-json\/wp\/v2\/users\/1"}],"replies":[{"embeddable":true,"href":"https:\/\/kyodoelectronic.com\/index.php\/wp-json\/wp\/v2\/comments?post=514"}],"version-history":[{"count":1,"href":"https:\/\/kyodoelectronic.com\/index.php\/wp-json\/wp\/v2\/pages\/514\/revisions"}],"predecessor-version":[{"id":524,"href":"https:\/\/kyodoelectronic.com\/index.php\/wp-json\/wp\/v2\/pages\/514\/revisions\/524"}],"up":[{"embeddable":true,"href":"https:\/\/kyodoelectronic.com\/index.php\/wp-json\/wp\/v2\/pages\/511"}],"wp:attachment":[{"href":"https:\/\/kyodoelectronic.com\/index.php\/wp-json\/wp\/v2\/media?parent=514"}],"curies":[{"name":"wp","href":"https:\/\/api.w.org\/{rel}","templated":true}]}}